{"id":596,"date":"2025-12-13T18:27:33","date_gmt":"2025-12-13T18:27:33","guid":{"rendered":"https:\/\/click.ma\/tecas\/?post_type=product&#038;p=596"},"modified":"2026-03-06T11:20:23","modified_gmt":"2026-03-06T11:20:23","slug":"chauffe-eau-solaire-a-circuit-ferme-termicol-150l","status":"publish","type":"product","link":"https:\/\/click.ma\/tecas\/produit\/chauffe-eau-solaire-a-circuit-ferme-termicol-150l\/","title":{"rendered":"Chauffe-eau Solaire \u00e0 circuit ferm\u00e9 TERMICOL 150L"},"content":{"rendered":"<p><u>CARACT\u00c9RISTIQUES<\/u><\/p>\n<ul>\n<li>Ballon bas : accumulateur occult\u00e9 pour une meilleure esth\u00e9tique<\/li>\n<li>Capteurs Silver<\/li>\n<li>Accumulateurs vitrifi\u00e9s \u00e0 chambre double<\/li>\n<li>Structure en acier galvanis\u00e9<\/li>\n<li>Toitures plates ou inclin\u00e9es<\/li>\n<li>Efficacit\u00e9 optimale dans les zones soumises \u00e0 un fort rayonnement<\/li>\n<li>Rela\u00e7\u00e3o pre\u00e7o-desempenho ideal<\/li>\n<\/ul>\n<p><u>Composants<\/u><\/p>\n<ul>\n<li>1 ou 2 Capteurs<\/li>\n<li>1 Accumulateur<\/li>\n<li>1 Structure ballon bas<\/li>\n<li>1 Kit d\u2019accessoires<\/li>\n<li>1 Kit de c\u00e2bles de connexion<\/li>\n<\/ul>\n<p><u>Accumulateurs<\/u><\/p>\n<ul>\n<li>VITRIFI\u00c9S<\/li>\n<li>Chambre double<\/li>\n<li>Poign\u00e9es lat\u00e9rales<\/li>\n<li>50 mm d\u2019isolant en polyur\u00e9thane rigide inject\u00e9<\/li>\n<li>Revestimento em chapa de a\u00e7o lacado<\/li>\n<li>Toutes les connexions au niveau des couvercles lat\u00e9raux<\/li>\n<li>Montage et maintenance tr\u00e8s rapide du kit \u00e9lectrique<\/li>\n<li>Montage et maintenance tr\u00e8s rapide du kit \u00e9lectrique<\/li>\n<\/ul>\n<p>&nbsp;<\/p>\n<p><u>Structures<\/u><\/p>\n<ul>\n<li>Rev\u00eatement en acier galvanis\u00e9 et magnelis<\/li>\n<li>Marque CE<\/li>\n<li>Adapt\u00e9es aux toitures plates ou inclin\u00e9es<\/li>\n<\/ul>\n","protected":false},"excerpt":{"rendered":"<p>CARACT\u00c9RISTIQUES Ballon bas : accumulateur occult\u00e9 pour une meilleure esth\u00e9tique Capteurs Silver Accumulateurs vitrifi\u00e9s \u00e0 chambre double Structure en acier<\/p>\n","protected":false},"featured_media":609,"comment_status":"open","ping_status":"closed","template":"","meta":[],"product_brand":[],"product_cat":[72,73],"product_tag":[],"class_list":{"0":"post-596","1":"product","2":"type-product","3":"status-publish","4":"has-post-thumbnail","6":"product_cat-chauffe-eau-solaires","7":"product_cat-termicol","9":"first","10":"instock","11":"shipping-taxable","12":"product-type-simple"},"_links":{"self":[{"href":"https:\/\/click.ma\/tecas\/wp-json\/wp\/v2\/product\/596","targetHints":{"allow":["GET"]}}],"collection":[{"href":"https:\/\/click.ma\/tecas\/wp-json\/wp\/v2\/product"}],"about":[{"href":"https:\/\/click.ma\/tecas\/wp-json\/wp\/v2\/types\/product"}],"replies":[{"embeddable":true,"href":"https:\/\/click.ma\/tecas\/wp-json\/wp\/v2\/comments?post=596"}],"wp:featuredmedia":[{"embeddable":true,"href":"https:\/\/click.ma\/tecas\/wp-json\/wp\/v2\/media\/609"}],"wp:attachment":[{"href":"https:\/\/click.ma\/tecas\/wp-json\/wp\/v2\/media?parent=596"}],"wp:term":[{"taxonomy":"product_brand","embeddable":true,"href":"https:\/\/click.ma\/tecas\/wp-json\/wp\/v2\/product_brand?post=596"},{"taxonomy":"product_cat","embeddable":true,"href":"https:\/\/click.ma\/tecas\/wp-json\/wp\/v2\/product_cat?post=596"},{"taxonomy":"product_tag","embeddable":true,"href":"https:\/\/click.ma\/tecas\/wp-json\/wp\/v2\/product_tag?post=596"}],"curies":[{"name":"wp","href":"https:\/\/api.w.org\/{rel}","templated":true}]}}