{"id":353,"date":"2025-12-13T18:26:53","date_gmt":"2025-12-13T18:26:53","guid":{"rendered":"https:\/\/click.ma\/tecas\/?post_type=product&#038;p=353"},"modified":"2026-03-06T11:20:17","modified_gmt":"2026-03-06T11:20:17","slug":"batterie-gel-hpower-150ah-12v","status":"publish","type":"product","link":"https:\/\/click.ma\/tecas\/produit\/batterie-gel-hpower-150ah-12v\/","title":{"rendered":"Batterie Gel HPOWER 150AH 12V"},"content":{"rendered":"<p>La gestion efficace de l&rsquo;\u00e9nergie est l&rsquo;un des aspects les plus critiques de tout syst\u00e8me d&rsquo;\u00e9nergie solaire. C&rsquo;est l\u00e0 qu&rsquo;intervient la <a href=\"https:\/\/www.tecas.ma\/shop\/batterie-gel-hpower-47\">Batterie<\/a> Gel HPOWER, une solution de stockage d&rsquo;\u00e9nergie solaire de haute qualit\u00e9 qui optimise l&rsquo;utilisation de votre syst\u00e8me d&rsquo;\u00e9nergie solaire. Dans cet article, nous allons explorer les diverses caract\u00e9ristiques et avantages de la Batterie.<\/p>\n<h2><strong>Qu&rsquo;est-ce que la Batterie Gel HPOWER ?<\/strong><\/h2>\n<p>La Batterie Gel HPOWER est une batterie solaire hautement performante et fiable. Elle utilise une technologie de gel avanc\u00e9e pour offrir une excellente performance de stockage, permettant une utilisation plus efficace et durable de l&rsquo;\u00e9nergie solaire par rapport aux batteries traditionnelles.<\/p>\n<h2><strong>Performance et efficacit\u00e9<\/strong><\/h2>\n<p>La Batterie Gel HPOWER est con\u00e7ue pour maximiser le stockage de l&rsquo;\u00e9nergie solaire. Gr\u00e2ce \u00e0 sa technologie de gel sophistiqu\u00e9e, elle offre une excellente capacit\u00e9 de stockage, garantissant une utilisation optimale de chaque rayon de soleil capt\u00e9 par vos panneaux solaires. En outre, sa capacit\u00e9 \u00e0 maintenir une charge pendant des p\u00e9riodes prolong\u00e9es en fait une excellente solution pour les syst\u00e8mes d&rsquo;\u00e9nergie solaire hors r\u00e9seau.<\/p>\n<h2><strong>Fiabilit\u00e9 et durabilit\u00e9<\/strong><\/h2>\n<p>Avec la Batterie Gel HPOWER, vous pouvez \u00eatre s\u00fbr de la fiabilit\u00e9 de votre syst\u00e8me de stockage d&rsquo;\u00e9nergie. Cette batterie est construite pour r\u00e9sister aux rigueurs de l&rsquo;utilisation quotidienne, offrant une dur\u00e9e de vie prolong\u00e9e et n\u00e9cessitant un entretien minimal. De plus, sa r\u00e9sistance aux conditions m\u00e9t\u00e9orologiques extr\u00eames et sa protection contre les surcharges garantissent sa durabilit\u00e9 et sa fiabilit\u00e9 \u00e0 long terme.<\/p>\n<h2><strong>Facilit\u00e9 d&rsquo;installation<\/strong><\/h2>\n<p>La <a href=\"https:\/\/tecas-solar.com\/boutique-energie-solaire\/\">Batterie<\/a> Gel HPOWER a \u00e9t\u00e9 con\u00e7ue en tenant compte de la facilit\u00e9 d&rsquo;installation. Sa conception compacte et sa facilit\u00e9 de raccordement la rendent facile \u00e0 int\u00e9grer dans n&rsquo;importe quel syst\u00e8me d&rsquo;\u00e9nergie solaire. De plus, sa faible n\u00e9cessit\u00e9 d&rsquo;entretien signifie que vous pouvez l&rsquo;installer et profiter des avantages de l&rsquo;\u00e9nergie solaire stock\u00e9e sans tracas.<\/p>\n<p>En somme, la Batterie est une solution de stockage d&rsquo;\u00e9nergie solaire sup\u00e9rieure. Sa performance exceptionnelle, sa fiabilit\u00e9 robuste, et sa facilit\u00e9 d&rsquo;installation en font un excellent choix pour optimiser votre utilisation de l&rsquo;\u00e9nergie solaire. En choisissant la Batterie, vous franchissez un pas de plus vers un avenir \u00e9nerg\u00e9tique plus durable et plus vert.<\/p>\n","protected":false},"excerpt":{"rendered":"<p><strong>Capacit\u00e9<\/strong><\/p>\n<p>BATTERIE GEL Hpower 100AH 12V &#8211; 2 275,01<br \/>\nBATTERIE GEL Hpower 150AH 12V &#8211; 3 575,00<br \/>\nBATTERIE GEL Hpower 200AH 12V &#8211; 4 963,64<\/p>\n<p><strong>Marque:<\/strong> Hpower<strong><br \/>\nExp\u00e9dition:<\/strong> 2-3 jours ouvrables<\/p>\n","protected":false},"featured_media":188,"comment_status":"open","ping_status":"closed","template":"","meta":[],"product_brand":[],"product_cat":[29,31],"product_tag":[],"class_list":{"0":"post-353","1":"product","2":"type-product","3":"status-publish","4":"has-post-thumbnail","6":"product_cat-batterie-solaire","7":"product_cat-hpower","9":"first","10":"instock","11":"shipping-taxable","12":"product-type-simple"},"_links":{"self":[{"href":"https:\/\/click.ma\/tecas\/wp-json\/wp\/v2\/product\/353","targetHints":{"allow":["GET"]}}],"collection":[{"href":"https:\/\/click.ma\/tecas\/wp-json\/wp\/v2\/product"}],"about":[{"href":"https:\/\/click.ma\/tecas\/wp-json\/wp\/v2\/types\/product"}],"replies":[{"embeddable":true,"href":"https:\/\/click.ma\/tecas\/wp-json\/wp\/v2\/comments?post=353"}],"wp:featuredmedia":[{"embeddable":true,"href":"https:\/\/click.ma\/tecas\/wp-json\/wp\/v2\/media\/188"}],"wp:attachment":[{"href":"https:\/\/click.ma\/tecas\/wp-json\/wp\/v2\/media?parent=353"}],"wp:term":[{"taxonomy":"product_brand","embeddable":true,"href":"https:\/\/click.ma\/tecas\/wp-json\/wp\/v2\/product_brand?post=353"},{"taxonomy":"product_cat","embeddable":true,"href":"https:\/\/click.ma\/tecas\/wp-json\/wp\/v2\/product_cat?post=353"},{"taxonomy":"product_tag","embeddable":true,"href":"https:\/\/click.ma\/tecas\/wp-json\/wp\/v2\/product_tag?post=353"}],"curies":[{"name":"wp","href":"https:\/\/api.w.org\/{rel}","templated":true}]}}