{"id":253,"date":"2025-12-13T18:26:38","date_gmt":"2025-12-13T18:26:38","guid":{"rendered":"https:\/\/click.ma\/tecas\/?post_type=product&#038;p=253"},"modified":"2026-03-06T11:20:14","modified_gmt":"2026-03-06T11:20:14","slug":"onduleur-solaire-on-grid-solax-xi-air-x1-3-0s-3000w-1ph","status":"publish","type":"product","link":"https:\/\/click.ma\/tecas\/produit\/onduleur-solaire-on-grid-solax-xi-air-x1-3-0s-3000w-1ph\/","title":{"rendered":"Onduleur Solaire ON-GRID Solax XI air X1-3.0S 3000W 1PH"},"content":{"rendered":"<p><strong>SolaX Power<\/strong>\u00a0est ravi d&rsquo;annoncer le lancement de la troisi\u00e8me G\u00e9n\u00e9ration tr\u00e8s attendue de notre Produit de stockage de Batterie solaire leader du march\u00e9, l&rsquo;onduleur hybride, Qui Comprend d\u00e9sormais une Gamme de mod\u00e8les monophas\u00e9s et triphas\u00e9s. L&rsquo;onduleur de stockage de batterie X-Hybrid est compatible avec les principales solutions de batterie lithium-ion Disponibles sur le march\u00e9 aujourd&rsquo;hui, ce qui en fait la solution de stockage d&rsquo;\u00e9nergie la Plus populaire.<\/p>\n","protected":false},"excerpt":{"rendered":"<p>G\u00e9n\u00e9rez de l&rsquo;\u00e9nergie Solaire Pendant la journ\u00e9e Pour une utilisation \u00e0 la maison, lorsque la charge de fond est satisfaite, chargez-vous Batteries avec de l&rsquo;\u00e9nergie solaire Gratuite et propre. D\u00e9chargez votre \u00e9nergie stock\u00e9e le soir lorsque le soleil s&rsquo;est couch\u00e9, Rechargez vos Batteries Pendant la nuit \u00e0 un tarif moins cher.<\/p>\n","protected":false},"featured_media":277,"comment_status":"open","ping_status":"closed","template":"","meta":[],"product_brand":[],"product_cat":[27,48],"product_tag":[],"class_list":{"0":"post-253","1":"product","2":"type-product","3":"status-publish","4":"has-post-thumbnail","6":"product_cat-onduleurs-solaires-on-grid","7":"product_cat-solax","9":"first","10":"instock","11":"shipping-taxable","12":"product-type-simple"},"_links":{"self":[{"href":"https:\/\/click.ma\/tecas\/wp-json\/wp\/v2\/product\/253","targetHints":{"allow":["GET"]}}],"collection":[{"href":"https:\/\/click.ma\/tecas\/wp-json\/wp\/v2\/product"}],"about":[{"href":"https:\/\/click.ma\/tecas\/wp-json\/wp\/v2\/types\/product"}],"replies":[{"embeddable":true,"href":"https:\/\/click.ma\/tecas\/wp-json\/wp\/v2\/comments?post=253"}],"wp:featuredmedia":[{"embeddable":true,"href":"https:\/\/click.ma\/tecas\/wp-json\/wp\/v2\/media\/277"}],"wp:attachment":[{"href":"https:\/\/click.ma\/tecas\/wp-json\/wp\/v2\/media?parent=253"}],"wp:term":[{"taxonomy":"product_brand","embeddable":true,"href":"https:\/\/click.ma\/tecas\/wp-json\/wp\/v2\/product_brand?post=253"},{"taxonomy":"product_cat","embeddable":true,"href":"https:\/\/click.ma\/tecas\/wp-json\/wp\/v2\/product_cat?post=253"},{"taxonomy":"product_tag","embeddable":true,"href":"https:\/\/click.ma\/tecas\/wp-json\/wp\/v2\/product_tag?post=253"}],"curies":[{"name":"wp","href":"https:\/\/api.w.org\/{rel}","templated":true}]}}