{"id":249,"date":"2025-12-13T18:26:37","date_gmt":"2025-12-13T18:26:37","guid":{"rendered":"https:\/\/click.ma\/tecas\/?post_type=product&#038;p=249"},"modified":"2026-03-06T11:20:14","modified_gmt":"2026-03-06T11:20:14","slug":"variateur-veichi-si23-2-2kw","status":"publish","type":"product","link":"https:\/\/click.ma\/tecas\/produit\/variateur-veichi-si23-2-2kw\/","title":{"rendered":"Variateur VEICHI SI23-2.2KW"},"content":{"rendered":"<p>La technologie de Point de Puissance Maximale (MPPT) avanc\u00e9e, dot\u00e9e d&rsquo;une efficacit\u00e9 remarquable pouvant atteindre jusqu&rsquo;\u00e0 99%, constitue la pierre angulaire de ce syst\u00e8me. Des mesures de protection multiples renforcent la fiabilit\u00e9 de l&rsquo;ensemble, tandis que l&rsquo;alimentation hybride avec compensation assure un fonctionnement optimal. Le monitoring \u00e0 distance via le r\u00e9seau GPRS offre une surveillance pratique et en temps r\u00e9el. Cette solution se montre parfaitement compatible avec une vaste gamme de pompes de surfaces et immerg\u00e9es, refl\u00e9tant sa polyvalence et son adaptabilit\u00e9.<\/p>\n","protected":false},"excerpt":{"rendered":"<p>MPPT avanc\u00e9e avec une efficacit\u00e9 peut atteindre 99%.<br \/>\nPlusieurs mesures de protection.<br \/>\nAlimentation Hybride avec compensation.<br \/>\nMonitoring \u00e0 travers le r\u00e9seau GPRS.<br \/>\nCompatible avec la plupart des pompes de surfaces et immerg\u00e9es.<\/p>\n","protected":false},"featured_media":276,"comment_status":"open","ping_status":"closed","template":"","meta":[],"product_brand":[],"product_cat":[47],"product_tag":[],"class_list":{"0":"post-249","1":"product","2":"type-product","3":"status-publish","4":"has-post-thumbnail","6":"product_cat-variateur-de-vitesse","8":"first","9":"instock","10":"shipping-taxable","11":"product-type-simple"},"_links":{"self":[{"href":"https:\/\/click.ma\/tecas\/wp-json\/wp\/v2\/product\/249","targetHints":{"allow":["GET"]}}],"collection":[{"href":"https:\/\/click.ma\/tecas\/wp-json\/wp\/v2\/product"}],"about":[{"href":"https:\/\/click.ma\/tecas\/wp-json\/wp\/v2\/types\/product"}],"replies":[{"embeddable":true,"href":"https:\/\/click.ma\/tecas\/wp-json\/wp\/v2\/comments?post=249"}],"wp:featuredmedia":[{"embeddable":true,"href":"https:\/\/click.ma\/tecas\/wp-json\/wp\/v2\/media\/276"}],"wp:attachment":[{"href":"https:\/\/click.ma\/tecas\/wp-json\/wp\/v2\/media?parent=249"}],"wp:term":[{"taxonomy":"product_brand","embeddable":true,"href":"https:\/\/click.ma\/tecas\/wp-json\/wp\/v2\/product_brand?post=249"},{"taxonomy":"product_cat","embeddable":true,"href":"https:\/\/click.ma\/tecas\/wp-json\/wp\/v2\/product_cat?post=249"},{"taxonomy":"product_tag","embeddable":true,"href":"https:\/\/click.ma\/tecas\/wp-json\/wp\/v2\/product_tag?post=249"}],"curies":[{"name":"wp","href":"https:\/\/api.w.org\/{rel}","templated":true}]}}