{"id":700,"date":"2026-01-07T14:22:48","date_gmt":"2026-01-07T14:22:48","guid":{"rendered":"https:\/\/click.ma\/soraflex\/?post_type=product&#038;p=700"},"modified":"2026-01-07T14:23:17","modified_gmt":"2026-01-07T14:23:17","slug":"manometre-michelin","status":"publish","type":"product","link":"https:\/\/click.ma\/soraflex\/p\/manometre-michelin\/","title":{"rendered":"MANOMETRE MICHELIN"},"content":{"rendered":"<p>Ce <strong data-start=\"120\" data-end=\"154\">manom\u00e8tre pour valves standard<\/strong> est con\u00e7u pour offrir une mesure fiable et pr\u00e9cise de la pression, conform\u00e9ment \u00e0 la norme <strong data-start=\"246\" data-end=\"262\">UNI EN 12645<\/strong>, garantissant des performances \u00e9lev\u00e9es et une grande fiabilit\u00e9 en utilisation professionnelle.<br data-start=\"357\" data-end=\"360\" \/>Il est \u00e9quip\u00e9 d\u2019un <strong data-start=\"379\" data-end=\"409\">cadran \u00e0 double graduation<\/strong> en <strong data-start=\"413\" data-end=\"431\">bar (0,7 \u2013 12)<\/strong> et <strong data-start=\"435\" data-end=\"453\">psi (10 \u2013 174)<\/strong>, permettant une lecture claire et rapide. Sur demande, il peut \u00eatre fourni avec une double graduation <strong data-start=\"556\" data-end=\"575\">kPa x 100 \/ psi<\/strong> ou une graduation <strong data-start=\"594\" data-end=\"618\" data-is-only-node=\"\">kPa x 100 uniquement<\/strong>, afin de s\u2019adapter aux besoins sp\u00e9cifiques des utilisateurs.<br data-start=\"679\" data-end=\"682\" \/>Le manom\u00e8tre est livr\u00e9 avec un <strong data-start=\"713\" data-end=\"742\">flexible n\u00b01961 de 150 cm<\/strong>, assurant une manipulation ais\u00e9e lors des op\u00e9rations de contr\u00f4le. Il supporte une <strong data-start=\"825\" data-end=\"875\">pression maximale de la source d\u2019air de 15 bar<\/strong> et est <strong data-start=\"883\" data-end=\"910\">compatible avec l\u2019azote<\/strong>, ce qui le rend adapt\u00e9 \u00e0 diverses applications industrielles et techniques.<\/p>\n","protected":false},"excerpt":{"rendered":"<p data-start=\"1020\" data-end=\"1205\">Manom\u00e8tre pour valves standard conforme \u00e0 la norme <strong data-start=\"1071\" data-end=\"1087\">UNI EN 12645<\/strong>, avec double graduation <strong data-start=\"1112\" data-end=\"1123\">bar\/psi<\/strong>, flexible de <strong data-start=\"1137\" data-end=\"1147\">150 cm<\/strong>, pression maximale <strong data-start=\"1167\" data-end=\"1177\">15 bar<\/strong> et compatible avec l\u2019azote.<\/p>\n","protected":false},"featured_media":702,"comment_status":"open","ping_status":"closed","template":"","meta":[],"product_brand":[],"product_cat":[59],"product_tag":[],"class_list":{"0":"post-700","1":"product","2":"type-product","3":"status-publish","4":"has-post-thumbnail","6":"product_cat-instrumentation","8":"first","9":"instock","10":"shipping-taxable","11":"product-type-simple"},"_links":{"self":[{"href":"https:\/\/click.ma\/soraflex\/wp-json\/wp\/v2\/product\/700","targetHints":{"allow":["GET"]}}],"collection":[{"href":"https:\/\/click.ma\/soraflex\/wp-json\/wp\/v2\/product"}],"about":[{"href":"https:\/\/click.ma\/soraflex\/wp-json\/wp\/v2\/types\/product"}],"replies":[{"embeddable":true,"href":"https:\/\/click.ma\/soraflex\/wp-json\/wp\/v2\/comments?post=700"}],"wp:featuredmedia":[{"embeddable":true,"href":"https:\/\/click.ma\/soraflex\/wp-json\/wp\/v2\/media\/702"}],"wp:attachment":[{"href":"https:\/\/click.ma\/soraflex\/wp-json\/wp\/v2\/media?parent=700"}],"wp:term":[{"taxonomy":"product_brand","embeddable":true,"href":"https:\/\/click.ma\/soraflex\/wp-json\/wp\/v2\/product_brand?post=700"},{"taxonomy":"product_cat","embeddable":true,"href":"https:\/\/click.ma\/soraflex\/wp-json\/wp\/v2\/product_cat?post=700"},{"taxonomy":"product_tag","embeddable":true,"href":"https:\/\/click.ma\/soraflex\/wp-json\/wp\/v2\/product_tag?post=700"}],"curies":[{"name":"wp","href":"https:\/\/api.w.org\/{rel}","templated":true}]}}