{"id":696,"date":"2026-01-07T14:09:29","date_gmt":"2026-01-07T14:09:29","guid":{"rendered":"https:\/\/click.ma\/soraflex\/?post_type=product&#038;p=696"},"modified":"2026-01-07T14:09:29","modified_gmt":"2026-01-07T14:09:29","slug":"tecalent-noir","status":"publish","type":"product","link":"https:\/\/click.ma\/soraflex\/p\/tecalent-noir\/","title":{"rendered":"Tecalent Noir"},"content":{"rendered":"<p>Les tuyaux p\u00e9trochimiques flexibles lin\u00e9aires <strong data-start=\"209\" data-end=\"224\">PA 12 HIPHL<\/strong> sont con\u00e7us pour r\u00e9pondre aux applications exigeant une grande flexibilit\u00e9 ainsi qu\u2019une excellente r\u00e9sistance aux temp\u00e9ratures \u00e9lev\u00e9es, aux agents atmosph\u00e9riques, aux huiles et \u00e0 l\u2019hydrolyse. Gr\u00e2ce \u00e0 leurs remarquables propri\u00e9t\u00e9s m\u00e9caniques et chimiques, ils conviennent parfaitement \u00e0 de nombreuses applications industrielles et automobiles.<br data-start=\"567\" data-end=\"570\" \/>Faisant partie int\u00e9grante de la gamme <strong data-start=\"608\" data-end=\"624\">MB-LONGLIFE\u00ae<\/strong>, ces tuyaux ont \u00e9t\u00e9 s\u00e9lectionn\u00e9s par <strong data-start=\"662\" data-end=\"671\">MEBRA<\/strong> afin de couvrir la majorit\u00e9 des besoins industriels courants. Ils sont fabriqu\u00e9s en <strong data-start=\"756\" data-end=\"797\">polyamide 12 plastifi\u00e9 flexible HIPHL<\/strong>, stabilis\u00e9 contre la lumi\u00e8re et la chaleur, et conformes aux normes <strong data-start=\"866\" data-end=\"891\">DIN 73378 \/ DIN 74324<\/strong>, garantissant fiabilit\u00e9, durabilit\u00e9 et performance \u00e0 long terme.<\/p>\n<table width=\"632\">\n<tbody>\n<tr>\n<td width=\"86\">Code<\/td>\n<td width=\"142\">Description<\/td>\n<td width=\"156\">Diametre Interieur (mm)<\/td>\n<td width=\"158\">Diametre Exterieur (mm)<\/td>\n<td width=\"90\">Pression (bar)<\/td>\n<\/tr>\n<tr>\n<td>35.1.01.0204<\/td>\n<td>TECALENT NOIR 02X04<\/td>\n<td>2<\/td>\n<td>4<\/td>\n<td>49<\/td>\n<\/tr>\n<tr>\n<td>35.1.01.0406<\/td>\n<td>TECALENT NOIR 04X06<\/td>\n<td>4<\/td>\n<td>6<\/td>\n<td>29<\/td>\n<\/tr>\n<tr>\n<td>35.1.01.0608<\/td>\n<td>TECALENT NOIR 06X08<\/td>\n<td>6<\/td>\n<td>8<\/td>\n<td>21<\/td>\n<\/tr>\n<tr>\n<td>35.1.01.0810<\/td>\n<td>TECALENT NOIR 08X10<\/td>\n<td>8<\/td>\n<td>10<\/td>\n<td>16<\/td>\n<\/tr>\n<tr>\n<td>35.1.01.0912<\/td>\n<td>TECALENT NOIR 09X12<\/td>\n<td>9<\/td>\n<td>12<\/td>\n<td>21<\/td>\n<\/tr>\n<tr>\n<td>35.1.01.1012<\/td>\n<td>TECALENT NOIR 10X12<\/td>\n<td>10<\/td>\n<td>12<\/td>\n<td>12<\/td>\n<\/tr>\n<tr>\n<td>35.1.01.1214<\/td>\n<td>TECALENT NOIR 12X14<\/td>\n<td>12<\/td>\n<td>14<\/td>\n<td>20<\/td>\n<\/tr>\n<tr>\n<td>35.1.01.1215<\/td>\n<td>TECALENT NOIR 12X15<\/td>\n<td>12<\/td>\n<td>15<\/td>\n<td>16<\/td>\n<\/tr>\n<tr>\n<td>35.1.01.1216<\/td>\n<td>TECALENT NOIR 12X16<\/td>\n<td>12<\/td>\n<td>16<\/td>\n<td>21<\/td>\n<\/tr>\n<\/tbody>\n<\/table>\n","protected":false},"excerpt":{"rendered":"<p data-start=\"990\" data-end=\"1244\">Tuyau flexible en <strong data-start=\"1008\" data-end=\"1023\">PA 12 HIPHL<\/strong>, r\u00e9sistant aux temp\u00e9ratures, aux huiles, aux agents atmosph\u00e9riques et \u00e0 l\u2019hydrolyse. Id\u00e9al pour les applications industrielles et automobiles, conforme aux normes <strong data-start=\"1187\" data-end=\"1206\">DIN 73378\/74324<\/strong> et issu de la gamme <strong data-start=\"1227\" data-end=\"1243\">MB-LONGLIFE\u00ae<\/strong>.<\/p>\n","protected":false},"featured_media":698,"comment_status":"open","ping_status":"closed","template":"","meta":[],"product_brand":[],"product_cat":[60],"product_tag":[],"class_list":{"0":"post-696","1":"product","2":"type-product","3":"status-publish","4":"has-post-thumbnail","6":"product_cat-tuyaux-pneumatiques","8":"first","9":"instock","10":"shipping-taxable","11":"product-type-simple"},"_links":{"self":[{"href":"https:\/\/click.ma\/soraflex\/wp-json\/wp\/v2\/product\/696","targetHints":{"allow":["GET"]}}],"collection":[{"href":"https:\/\/click.ma\/soraflex\/wp-json\/wp\/v2\/product"}],"about":[{"href":"https:\/\/click.ma\/soraflex\/wp-json\/wp\/v2\/types\/product"}],"replies":[{"embeddable":true,"href":"https:\/\/click.ma\/soraflex\/wp-json\/wp\/v2\/comments?post=696"}],"wp:featuredmedia":[{"embeddable":true,"href":"https:\/\/click.ma\/soraflex\/wp-json\/wp\/v2\/media\/698"}],"wp:attachment":[{"href":"https:\/\/click.ma\/soraflex\/wp-json\/wp\/v2\/media?parent=696"}],"wp:term":[{"taxonomy":"product_brand","embeddable":true,"href":"https:\/\/click.ma\/soraflex\/wp-json\/wp\/v2\/product_brand?post=696"},{"taxonomy":"product_cat","embeddable":true,"href":"https:\/\/click.ma\/soraflex\/wp-json\/wp\/v2\/product_cat?post=696"},{"taxonomy":"product_tag","embeddable":true,"href":"https:\/\/click.ma\/soraflex\/wp-json\/wp\/v2\/product_tag?post=696"}],"curies":[{"name":"wp","href":"https:\/\/api.w.org\/{rel}","templated":true}]}}