{"id":609,"date":"2025-11-23T10:18:35","date_gmt":"2025-11-23T10:18:35","guid":{"rendered":"https:\/\/click.ma\/soraflex\/?post_type=product&#038;p=609"},"modified":"2025-11-23T10:19:46","modified_gmt":"2025-11-23T10:19:46","slug":"tuyau-composite-gge","status":"publish","type":"product","link":"https:\/\/click.ma\/soraflex\/p\/tuyau-composite-gge\/","title":{"rendered":"Tuyau Composite GGE"},"content":{"rendered":"<p data-start=\"554\" data-end=\"974\">Le <strong data-start=\"557\" data-end=\"574\">Gassoflex GGE<\/strong> est un tuyau composite robuste et polyvalent sp\u00e9cialement con\u00e7u pour la <strong data-start=\"647\" data-end=\"695\">distribution, l\u2019aspiration et le refoulement<\/strong> de carburants, huiles min\u00e9rales, lubrifiants et autres d\u00e9riv\u00e9s du p\u00e9trole. Gr\u00e2ce \u00e0 sa construction avec double spirale interne et externe en <strong data-start=\"837\" data-end=\"856\">acier galvanis\u00e9<\/strong>, il garantit une excellente tenue m\u00e9canique, une r\u00e9sistance \u00e9lev\u00e9e \u00e0 l\u2019\u00e9crasement et une grande long\u00e9vit\u00e9 en service.<\/p>\n<p data-start=\"976\" data-end=\"1283\">Sa structure interne en <strong data-start=\"1000\" data-end=\"1022\">polypropyl\u00e8ne (PP)<\/strong> assure une compatibilit\u00e9 optimale avec les hydrocarbures, tout en r\u00e9duisant le poids du tuyau pour une manipulation plus facile lors des op\u00e9rations de chargement et d\u00e9chargement de <strong data-start=\"1204\" data-end=\"1282\">camions-citernes, wagons ferroviaires ou installations industrielles fixes<\/strong>.<\/p>\n<p data-start=\"1285\" data-end=\"1698\">Recouvert d\u2019une gaine ext\u00e9rieure en <strong data-start=\"1321\" data-end=\"1328\">PVC<\/strong> (ou PP sur demande), ce tuyau prot\u00e8ge efficacement contre l\u2019abrasion, les impacts et les agents atmosph\u00e9riques. Conforme aux exigences strictes de la norme <strong data-start=\"1485\" data-end=\"1502\">EN 13765:2018<\/strong>, le Gassoflex GGE offre un haut niveau de s\u00e9curit\u00e9 avec un facteur de s\u00e9curit\u00e9 de 5:1 (ou 4:1 pour les grands diam\u00e8tres) et peut fonctionner dans une plage thermique allant de <strong data-start=\"1679\" data-end=\"1697\">\u201330\u00b0C \u00e0 +100\u00b0C<\/strong>.<\/p>\n<p data-start=\"1705\" data-end=\"1741\"><strong data-start=\"1710\" data-end=\"1741\">CARACT\u00c9RISTIQUES TECHNIQUES<\/strong><\/p>\n<ul data-start=\"1742\" data-end=\"2286\">\n<li data-start=\"1742\" data-end=\"1771\">\n<p data-start=\"1744\" data-end=\"1771\"><strong data-start=\"1744\" data-end=\"1755\">Norme :<\/strong> EN 13765:2018<\/p>\n<\/li>\n<li data-start=\"1772\" data-end=\"1856\">\n<p data-start=\"1774\" data-end=\"1856\"><strong data-start=\"1774\" data-end=\"1792\">Applications :<\/strong> aspiration &amp; refoulement de carburants, huiles et lubrifiants<\/p>\n<\/li>\n<li data-start=\"1857\" data-end=\"1902\">\n<p data-start=\"1859\" data-end=\"1902\"><strong data-start=\"1859\" data-end=\"1880\">Spirale interne :<\/strong> acier galvanis\u00e9 (G)<\/p>\n<\/li>\n<li data-start=\"1903\" data-end=\"1948\">\n<p data-start=\"1905\" data-end=\"1948\"><strong data-start=\"1905\" data-end=\"1926\">Spirale externe :<\/strong> acier galvanis\u00e9 (G)<\/p>\n<\/li>\n<li data-start=\"1949\" data-end=\"1997\">\n<p data-start=\"1951\" data-end=\"1997\"><strong data-start=\"1951\" data-end=\"1977\">Rev\u00eatement int\u00e9rieur :<\/strong> polypropyl\u00e8ne (E)<\/p>\n<\/li>\n<li data-start=\"1998\" data-end=\"2045\">\n<p data-start=\"2000\" data-end=\"2045\"><strong data-start=\"2000\" data-end=\"2022\">Gaine ext\u00e9rieure :<\/strong> PVC (PP sur demande)<\/p>\n<\/li>\n<li data-start=\"2046\" data-end=\"2096\">\n<p data-start=\"2048\" data-end=\"2096\"><strong data-start=\"2048\" data-end=\"2079\">Temp\u00e9rature d\u2019utilisation :<\/strong> \u201330\u00b0C \u00e0 +100\u00b0C<\/p>\n<\/li>\n<li data-start=\"2097\" data-end=\"2167\">\n<p data-start=\"2099\" data-end=\"2126\"><strong data-start=\"2099\" data-end=\"2124\">Facteur de s\u00e9curit\u00e9 :<\/strong><\/p>\n<ul data-start=\"2129\" data-end=\"2167\">\n<li data-start=\"2129\" data-end=\"2149\">\n<p data-start=\"2131\" data-end=\"2149\">5:1 (\u00d8 1&Prime; \u00e0 10&Prime;)<\/p>\n<\/li>\n<li data-start=\"2152\" data-end=\"2167\">\n<p data-start=\"2154\" data-end=\"2167\">4:1 (\u00d8 12&Prime;)<\/p>\n<\/li>\n<\/ul>\n<\/li>\n<li data-start=\"2168\" data-end=\"2207\">\n<p data-start=\"2170\" data-end=\"2207\"><strong data-start=\"2170\" data-end=\"2197\">D\u00e9pression admissible :<\/strong> 0,9 bar<\/p>\n<\/li>\n<li data-start=\"2208\" data-end=\"2286\">\n<p data-start=\"2210\" data-end=\"2286\"><strong data-start=\"2210\" data-end=\"2238\">Longueur des couronnes :<\/strong> 30 m<\/p>\n<\/li>\n<\/ul>\n<table width=\"362\">\n<tbody>\n<tr>\n<td width=\"83\">Code<\/td>\n<td width=\"196\">Description<\/td>\n<td width=\"83\">Pouce<\/td>\n<\/tr>\n<tr>\n<td>02.6.04.050<\/td>\n<td>TUYAU COMPOSITE\u00a0 GGE\u00a0 2&Prime;<\/td>\n<td>2&Prime;<\/td>\n<\/tr>\n<tr>\n<td>02.6.04.065<\/td>\n<td>TUYAU COMPOSITE\u00a0 GGE\u00a0 2&Prime;1\/2<\/td>\n<td>2.1\/2&Prime;<\/td>\n<\/tr>\n<tr>\n<td>02.6.04.080<\/td>\n<td>TUYAU COMPOSITE\u00a0 GGE\u00a0 3&Prime;<\/td>\n<td>3&Prime;<\/td>\n<\/tr>\n<tr>\n<td>02.6.04.100<\/td>\n<td>TUYAU COMPOSITE\u00a0 GGE\u00a0 4&Prime;<\/td>\n<td>4&Prime;<\/td>\n<\/tr>\n<\/tbody>\n<\/table>\n","protected":false},"excerpt":{"rendered":"<p data-start=\"194\" data-end=\"519\">Tuyau composite Gassoflex GGE con\u00e7u pour l\u2019aspiration et le refoulement de carburants, huiles et lubrifiants. Id\u00e9al pour les camions-citernes, wagons et installations fixes. L\u00e9ger, flexible et conforme \u00e0 la norme <strong data-start=\"407\" data-end=\"424\">EN 13765:2018<\/strong>, il offre une excellente r\u00e9sistance m\u00e9canique et chimique dans une large plage de temp\u00e9rature.<\/p>\n","protected":false},"featured_media":610,"comment_status":"open","ping_status":"closed","template":"","meta":[],"product_brand":[],"product_cat":[68],"product_tag":[],"class_list":{"0":"post-609","1":"product","2":"type-product","3":"status-publish","4":"has-post-thumbnail","6":"product_cat-tuyaux-carburants","8":"first","9":"instock","10":"shipping-taxable","11":"product-type-simple"},"_links":{"self":[{"href":"https:\/\/click.ma\/soraflex\/wp-json\/wp\/v2\/product\/609","targetHints":{"allow":["GET"]}}],"collection":[{"href":"https:\/\/click.ma\/soraflex\/wp-json\/wp\/v2\/product"}],"about":[{"href":"https:\/\/click.ma\/soraflex\/wp-json\/wp\/v2\/types\/product"}],"replies":[{"embeddable":true,"href":"https:\/\/click.ma\/soraflex\/wp-json\/wp\/v2\/comments?post=609"}],"wp:featuredmedia":[{"embeddable":true,"href":"https:\/\/click.ma\/soraflex\/wp-json\/wp\/v2\/media\/610"}],"wp:attachment":[{"href":"https:\/\/click.ma\/soraflex\/wp-json\/wp\/v2\/media?parent=609"}],"wp:term":[{"taxonomy":"product_brand","embeddable":true,"href":"https:\/\/click.ma\/soraflex\/wp-json\/wp\/v2\/product_brand?post=609"},{"taxonomy":"product_cat","embeddable":true,"href":"https:\/\/click.ma\/soraflex\/wp-json\/wp\/v2\/product_cat?post=609"},{"taxonomy":"product_tag","embeddable":true,"href":"https:\/\/click.ma\/soraflex\/wp-json\/wp\/v2\/product_tag?post=609"}],"curies":[{"name":"wp","href":"https:\/\/api.w.org\/{rel}","templated":true}]}}