{"id":549,"date":"2025-11-13T17:38:32","date_gmt":"2025-11-13T17:38:32","guid":{"rendered":"https:\/\/click.ma\/soraflex\/?post_type=product&#038;p=549"},"modified":"2025-11-13T17:38:32","modified_gmt":"2025-11-13T17:38:32","slug":"tuyau-air-40-bar","status":"publish","type":"product","link":"https:\/\/click.ma\/soraflex\/p\/tuyau-air-40-bar\/","title":{"rendered":"Tuyau Air 40 Bar"},"content":{"rendered":"<p>Tuyau flexible en PVC renforc\u00e9 par une tresse textile en polyester haute r\u00e9sistance, avec une couche interm\u00e9diaire adh\u00e9sive en polyur\u00e9thane (PU) assurant une excellente coh\u00e9sion entre les diff\u00e9rentes couches. Con\u00e7u pour les applications de pulv\u00e9risation haute pression d\u2019insecticides, de pesticides et de liquides sous pression, ce tuyau garantit r\u00e9sistance, durabilit\u00e9 et flexibilit\u00e9. Sa structure multicouche lui permet de supporter une pression de service jusqu\u2019\u00e0 40 bar, tout en maintenant une maniabilit\u00e9 optimale.<br data-start=\"747\" data-end=\"750\" \/>Il est id\u00e9al pour une utilisation dans les domaines agricoles, industriels et horticoles, o\u00f9 la fiabilit\u00e9 sous pression est essentielle.<\/p>\n<p>Caract\u00e9ristiques techniques :<\/p>\n<ul>\n<li data-start=\"1173\" data-end=\"1210\">\n<p data-start=\"1175\" data-end=\"1210\">Mat\u00e9riau du tube : PVC souple<\/p>\n<\/li>\n<li data-start=\"1211\" data-end=\"1274\">\n<p data-start=\"1213\" data-end=\"1274\">Renforcement : Tresse en polyester haute r\u00e9sistance<\/p>\n<\/li>\n<li data-start=\"1275\" data-end=\"1332\">\n<p data-start=\"1277\" data-end=\"1332\">Couche interm\u00e9diaire : Polyur\u00e9thane (PU) adh\u00e9sive<\/p>\n<\/li>\n<li data-start=\"1333\" data-end=\"1373\">\n<p data-start=\"1335\" data-end=\"1373\">Pression de service : 40 bar<\/p>\n<\/li>\n<li data-start=\"1374\" data-end=\"1484\">\n<p data-start=\"1376\" data-end=\"1484\">Applications : Pulv\u00e9risation haute pression d\u2019insecticides, pesticides, produits chimiques et liquides<\/p>\n<\/li>\n<li data-start=\"1485\" data-end=\"1564\">\n<p data-start=\"1487\" data-end=\"1564\">Propri\u00e9t\u00e9s : Flexible, l\u00e9g\u00e8re, r\u00e9sistante \u00e0 l\u2019abrasion et \u00e0 la pression<\/p>\n<\/li>\n<li data-start=\"1565\" data-end=\"1620\">\n<p data-start=\"1567\" data-end=\"1620\">Temp\u00e9rature d\u2019utilisation : de -5\u00b0C \u00e0 +60\u00b0C<\/p>\n<\/li>\n<\/ul>\n<table width=\"487\">\n<tbody>\n<tr>\n<td width=\"83\">Code<\/td>\n<td width=\"155\">Description<\/td>\n<td width=\"83\">Diametre Interieur (mm)<\/td>\n<td width=\"83\">Diametre Exterieur (mm)<\/td>\n<td width=\"83\">Pression (bar)<\/td>\n<\/tr>\n<tr>\n<td>02.4.04.08<\/td>\n<td>TY-RANGO 40B\u00a0 08X14 M<\/td>\n<td>8<\/td>\n<td>13,5<\/td>\n<td>40<\/td>\n<\/tr>\n<tr>\n<td>02.4.04.10<\/td>\n<td>TY-RANGO 40B\u00a0 10X16 M<\/td>\n<td>10<\/td>\n<td>16<\/td>\n<td>40<\/td>\n<\/tr>\n<tr>\n<td>02.4.04.12<\/td>\n<td>TY-RANGO 40B\u00a0 12X18 M<\/td>\n<td>13<\/td>\n<td>21<\/td>\n<td>40<\/td>\n<\/tr>\n<tr>\n<td>02.4.04.19<\/td>\n<td>TY-RANGO 40B\u00a0 19X31 M<\/td>\n<td>19<\/td>\n<td>28<\/td>\n<td>40<\/td>\n<\/tr>\n<\/tbody>\n<\/table>\n","protected":false},"excerpt":{"rendered":"<p data-start=\"947\" data-end=\"1127\">Tuyau PVC renforc\u00e9 40 bar avec tresse polyester et couche PU, id\u00e9al pour la pulv\u00e9risation haute pression d\u2019insecticides, de pesticides et de liquides.<\/p>\n","protected":false},"featured_media":550,"comment_status":"open","ping_status":"closed","template":"","meta":[],"product_brand":[],"product_cat":[65],"product_tag":[],"class_list":{"0":"post-549","1":"product","2":"type-product","3":"status-publish","4":"has-post-thumbnail","6":"product_cat-tuyaux-air-et-vapeur","8":"first","9":"instock","10":"shipping-taxable","11":"product-type-simple"},"_links":{"self":[{"href":"https:\/\/click.ma\/soraflex\/wp-json\/wp\/v2\/product\/549","targetHints":{"allow":["GET"]}}],"collection":[{"href":"https:\/\/click.ma\/soraflex\/wp-json\/wp\/v2\/product"}],"about":[{"href":"https:\/\/click.ma\/soraflex\/wp-json\/wp\/v2\/types\/product"}],"replies":[{"embeddable":true,"href":"https:\/\/click.ma\/soraflex\/wp-json\/wp\/v2\/comments?post=549"}],"wp:featuredmedia":[{"embeddable":true,"href":"https:\/\/click.ma\/soraflex\/wp-json\/wp\/v2\/media\/550"}],"wp:attachment":[{"href":"https:\/\/click.ma\/soraflex\/wp-json\/wp\/v2\/media?parent=549"}],"wp:term":[{"taxonomy":"product_brand","embeddable":true,"href":"https:\/\/click.ma\/soraflex\/wp-json\/wp\/v2\/product_brand?post=549"},{"taxonomy":"product_cat","embeddable":true,"href":"https:\/\/click.ma\/soraflex\/wp-json\/wp\/v2\/product_cat?post=549"},{"taxonomy":"product_tag","embeddable":true,"href":"https:\/\/click.ma\/soraflex\/wp-json\/wp\/v2\/product_tag?post=549"}],"curies":[{"name":"wp","href":"https:\/\/api.w.org\/{rel}","templated":true}]}}