{"id":474,"date":"2025-10-22T16:57:26","date_gmt":"2025-10-22T16:57:26","guid":{"rendered":"https:\/\/click.ma\/soraflex\/?post_type=product&#038;p=474"},"modified":"2025-11-05T15:31:14","modified_gmt":"2025-11-05T15:31:14","slug":"tuyau-inox","status":"publish","type":"product","link":"https:\/\/click.ma\/soraflex\/p\/tuyau-inox\/","title":{"rendered":"Tuyau Inox"},"content":{"rendered":"<h3 data-start=\"534\" data-end=\"551\"><strong data-start=\"538\" data-end=\"551\">Structure<\/strong><\/h3>\n<ul data-start=\"552\" data-end=\"721\">\n<li data-start=\"552\" data-end=\"621\">\n<p data-start=\"554\" data-end=\"621\"><strong data-start=\"554\" data-end=\"574\">Tube int\u00e9rieur :<\/strong> acier inoxydable annel\u00e9 AISI 321 \/ EN 1.4541<\/p>\n<\/li>\n<li data-start=\"622\" data-end=\"687\">\n<p data-start=\"624\" data-end=\"687\"><strong data-start=\"624\" data-end=\"647\">Tresse ext\u00e9rieure :<\/strong> acier inoxydable AISI 304 \/ EN 1.4404<\/p>\n<\/li>\n<li data-start=\"688\" data-end=\"721\">\n<p data-start=\"690\" data-end=\"721\"><strong data-start=\"690\" data-end=\"715\">Facteur de s\u00e9curit\u00e9 :<\/strong> 4:1<\/p>\n<\/li>\n<\/ul>\n<h3 data-start=\"728\" data-end=\"756\"><strong data-start=\"732\" data-end=\"756\">Plage de temp\u00e9rature<\/strong><\/h3>\n<p data-start=\"757\" data-end=\"800\">De <strong data-start=\"760\" data-end=\"779\">\u2013200\u00b0C \u00e0 +600\u00b0C<\/strong> (<em data-start=\"781\" data-end=\"799\">\u2013328\u00b0F \u00e0 +1112\u00b0F<\/em>)<\/p>\n<h3 data-start=\"807\" data-end=\"827\"><strong data-start=\"811\" data-end=\"827\">Applications<\/strong><\/h3>\n<p data-start=\"828\" data-end=\"854\">Adapt\u00e9 au transport de :<\/p>\n<ul data-start=\"855\" data-end=\"953\">\n<li data-start=\"855\" data-end=\"865\">\n<p data-start=\"857\" data-end=\"865\">Vapeur<\/p>\n<\/li>\n<li data-start=\"866\" data-end=\"888\">\n<p data-start=\"868\" data-end=\"888\">Produits chimiques<\/p>\n<\/li>\n<li data-start=\"889\" data-end=\"900\">\n<p data-start=\"891\" data-end=\"900\">Oxyg\u00e8ne<\/p>\n<\/li>\n<li data-start=\"901\" data-end=\"917\">\n<p data-start=\"903\" data-end=\"917\">Thermofluide<\/p>\n<\/li>\n<li data-start=\"918\" data-end=\"928\">\n<p data-start=\"920\" data-end=\"928\">Naphta<\/p>\n<\/li>\n<li data-start=\"929\" data-end=\"953\">\n<p data-start=\"931\" data-end=\"953\">Fluides cryog\u00e9niques<\/p>\n<\/li>\n<\/ul>\n<table width=\"725\">\n<tbody>\n<tr>\n<td width=\"83\">Code<\/td>\n<td width=\"310\">Description<\/td>\n<td width=\"83\">Pouce<\/td>\n<td width=\"83\">Diametre Interieur (mm)<\/td>\n<td width=\"83\">Diametre Exterieur (mm)<\/td>\n<td width=\"83\">Pression (bar)<\/td>\n<\/tr>\n<tr>\n<td>03.1.01.006<\/td>\n<td>TUYAU INOX 321-TRESSE 304- 1\/4 &#8211;\u00a0 WP 10 MPA<\/td>\n<td>1\/4&Prime;<\/td>\n<td>6<\/td>\n<td>10,7<\/td>\n<td>120<\/td>\n<\/tr>\n<tr>\n<td>03.1.01.008<\/td>\n<td>TUYAU INOX 321-TRESSE 304- 5\/16 &#8211;\u00a0 WP 7.9 MPA<\/td>\n<td>5\/16&Prime;<\/td>\n<td>8<\/td>\n<td>13,2<\/td>\n<td>100<\/td>\n<\/tr>\n<tr>\n<td>03.1.01.010<\/td>\n<td>TUYAU INOX 321-TRESSE 304- 3\/8 &#8211;\u00a0 WP 9 MPA<\/td>\n<td>3\/8&Prime;<\/td>\n<td>10<\/td>\n<td>15,5<\/td>\n<td>90<\/td>\n<\/tr>\n<tr>\n<td>03.1.01.012<\/td>\n<td>TUYAU INOX 321-TRESSE 304- 1\/2 &#8211;\u00a0 WP 8 MPA<\/td>\n<td>1\/2&Prime;<\/td>\n<td>12<\/td>\n<td>18<\/td>\n<td>80<\/td>\n<\/tr>\n<tr>\n<td>03.1.01.016<\/td>\n<td>TUYAU INOX 321-TRESSE 304- 5\/8 &#8211;\u00a0 WP 9 MPA<\/td>\n<td>5\/8&Prime;<\/td>\n<td>16<\/td>\n<td>23<\/td>\n<td>70<\/td>\n<\/tr>\n<tr>\n<td>03.1.01.020<\/td>\n<td>TUYAU INOX 321-TRESSE 304- 3\/4 &#8211;\u00a0 WP 6.4 MPA<\/td>\n<td>3\/4&Prime;<\/td>\n<td>20<\/td>\n<td>28,3<\/td>\n<td>64<\/td>\n<\/tr>\n<tr>\n<td>03.1.01.025<\/td>\n<td>TUYAU INOX 321-TRESSE 304- 1 &#8211;\u00a0 WP 5 MPA<\/td>\n<td>1&Prime;<\/td>\n<td>25<\/td>\n<td>33,5<\/td>\n<td>50<\/td>\n<\/tr>\n<tr>\n<td>03.1.01.032<\/td>\n<td>TUYAU INOX 321-TRESSE 304- 1.1\/4 &#8211;\u00a0 WP 4 MPA<\/td>\n<td>1 1\/4&Prime;<\/td>\n<td>32<\/td>\n<td>42,8<\/td>\n<td>40<\/td>\n<\/tr>\n<tr>\n<td>03.1.01.040<\/td>\n<td>TUYAU INOX 321-TRESSE 304- 1.1\/2 &#8211;\u00a0 WP 3 MPA<\/td>\n<td>1 1\/2&Prime;<\/td>\n<td>40<\/td>\n<td>51,2<\/td>\n<td>35<\/td>\n<\/tr>\n<tr>\n<td>03.1.01.050<\/td>\n<td>TUYAU INOX 321-TRESSE 304- 2 &#8211;\u00a0 WP 2.8 MPA<\/td>\n<td>2&Prime;<\/td>\n<td>50<\/td>\n<td>62,5<\/td>\n<td>30<\/td>\n<\/tr>\n<tr>\n<td>03.1.01.065<\/td>\n<td>TUYAU INOX 321-TRESSE 304- 2.1\/2 &#8211;\u00a0 WP 2.4 MPA<\/td>\n<td>2 1\/2&Prime;<\/td>\n<td>65<\/td>\n<td>83<\/td>\n<td>24<\/td>\n<\/tr>\n<tr>\n<td>03.1.01.075<\/td>\n<td>TUYAU INOX 321-TRESSE 304- 3 &#8211;\u00a0 WP 1.8 MPA<\/td>\n<td>3&Prime;<\/td>\n<td>80<\/td>\n<td>97<\/td>\n<td>18<\/td>\n<\/tr>\n<tr>\n<td>03.1.01.100<\/td>\n<td>TUYAU INOX 321-TRESSE 304- 4 &#8211;\u00a0 WP 1.6 MPA<\/td>\n<td>4&Prime;<\/td>\n<td>100<\/td>\n<td>119<\/td>\n<td>16<\/td>\n<\/tr>\n<tr>\n<td>03.1.01.125<\/td>\n<td>TUYAU INOX 321-TRESSE 304- 5 &#8211;\u00a0 WP 1.2 MPA<\/td>\n<td>5&Prime;<\/td>\n<td>125<\/td>\n<td>152,5<\/td>\n<td>14<\/td>\n<\/tr>\n<tr>\n<td>03.1.01.150<\/td>\n<td>TUYAU INOX 321-TRESSE 304- 6 &#8211;\u00a0 WP 1 MPA<\/td>\n<td>6&Prime;<\/td>\n<td>150<\/td>\n<td>177,5<\/td>\n<td>10<\/td>\n<\/tr>\n<tr>\n<td>03.1.01.200<\/td>\n<td>TUYAU INOX 321-TRESSE 304- 8 &#8211;\u00a0 WP 0.8 MPA<\/td>\n<td>8&Prime;<\/td>\n<td>200<\/td>\n<td>228<\/td>\n<td>8<\/td>\n<\/tr>\n<\/tbody>\n<\/table>\n","protected":false},"excerpt":{"rendered":"<p data-start=\"157\" data-end=\"527\">Le tuyau flexible ISO 10380 Type 2 est con\u00e7u pour les applications exigeant une <strong data-start=\"237\" data-end=\"308\">r\u00e9sistance \u00e9lev\u00e9e \u00e0 la temp\u00e9rature, \u00e0 la pression et \u00e0 la corrosion<\/strong>. Il est constitu\u00e9 d\u2019un tube annel\u00e9 en acier inoxydable AISI 321 \/ EN 1.4541, recouvert d\u2019une tresse en acier inoxydable AISI 304 \/ EN 1.4404, assurant robustesse et flexibilit\u00e9 dans les environnements les plus s\u00e9v\u00e8res.<\/p>\n","protected":false},"featured_media":478,"comment_status":"open","ping_status":"closed","template":"","meta":[],"product_brand":[],"product_cat":[64],"product_tag":[],"class_list":{"0":"post-474","1":"product","2":"type-product","3":"status-publish","4":"has-post-thumbnail","6":"product_cat-tuyaux-et-gaines-inox","8":"first","9":"instock","10":"shipping-taxable","11":"product-type-simple"},"_links":{"self":[{"href":"https:\/\/click.ma\/soraflex\/wp-json\/wp\/v2\/product\/474","targetHints":{"allow":["GET"]}}],"collection":[{"href":"https:\/\/click.ma\/soraflex\/wp-json\/wp\/v2\/product"}],"about":[{"href":"https:\/\/click.ma\/soraflex\/wp-json\/wp\/v2\/types\/product"}],"replies":[{"embeddable":true,"href":"https:\/\/click.ma\/soraflex\/wp-json\/wp\/v2\/comments?post=474"}],"wp:featuredmedia":[{"embeddable":true,"href":"https:\/\/click.ma\/soraflex\/wp-json\/wp\/v2\/media\/478"}],"wp:attachment":[{"href":"https:\/\/click.ma\/soraflex\/wp-json\/wp\/v2\/media?parent=474"}],"wp:term":[{"taxonomy":"product_brand","embeddable":true,"href":"https:\/\/click.ma\/soraflex\/wp-json\/wp\/v2\/product_brand?post=474"},{"taxonomy":"product_cat","embeddable":true,"href":"https:\/\/click.ma\/soraflex\/wp-json\/wp\/v2\/product_cat?post=474"},{"taxonomy":"product_tag","embeddable":true,"href":"https:\/\/click.ma\/soraflex\/wp-json\/wp\/v2\/product_tag?post=474"}],"curies":[{"name":"wp","href":"https:\/\/api.w.org\/{rel}","templated":true}]}}