{"id":382,"date":"2025-10-11T10:39:29","date_gmt":"2025-10-11T10:39:29","guid":{"rendered":"https:\/\/click.ma\/soraflex\/?post_type=product&#038;p=382"},"modified":"2026-02-28T10:14:57","modified_gmt":"2026-02-28T10:14:57","slug":"tuyau-hydraulique-4sh","status":"publish","type":"product","link":"https:\/\/click.ma\/soraflex\/p\/tuyau-hydraulique-4sh\/","title":{"rendered":"Tuyau Hydraulique 4SH"},"content":{"rendered":"<p data-start=\"235\" data-end=\"438\">Le tuyau hydraulique <strong data-start=\"286\" data-end=\"315\">DIN EN 856 4SH \/ ISO 3862<\/strong> est con\u00e7u pour des applications \u00e0 <strong data-start=\"350\" data-end=\"373\">tr\u00e8s haute pression<\/strong>, n\u00e9cessitant \u00e0 la fois <strong data-start=\"397\" data-end=\"435\">solidit\u00e9, fiabilit\u00e9 et flexibilit\u00e9<\/strong>.<\/p>\n<ul>\n<li data-start=\"440\" data-end=\"534\"><strong data-start=\"440\" data-end=\"458\">Tube int\u00e9rieur<\/strong> : caoutchouc synth\u00e9tique sans soudure, r\u00e9sistant aux huiles hydrauliques.<\/li>\n<li data-start=\"536\" data-end=\"709\"><strong data-start=\"536\" data-end=\"552\">Renforcement<\/strong> : quatre spirales de fils d\u2019acier \u00e0 tr\u00e8s haute r\u00e9sistance \u00e0 la traction, garantissant une excellente tenue \u00e0 la pression et une durabilit\u00e9 exceptionnelle.<\/li>\n<li data-start=\"711\" data-end=\"862\"><strong data-start=\"711\" data-end=\"731\">Gaine ext\u00e9rieure<\/strong> : caoutchouc synth\u00e9tique noir \u00e0 finition envelopp\u00e9e, offrant une r\u00e9sistance maximale \u00e0 l\u2019huile, aux intemp\u00e9ries et \u00e0 l\u2019abrasion.<\/li>\n<li data-start=\"864\" data-end=\"896\"><strong data-start=\"864\" data-end=\"887\">Facteur de s\u00e9curit\u00e9<\/strong> : 4:1.<\/li>\n<li data-start=\"898\" data-end=\"963\"><strong data-start=\"898\" data-end=\"919\">Fluide compatible<\/strong> : fluides hydrauliques \u00e0 base de p\u00e9trole.<\/li>\n<li data-start=\"965\" data-end=\"995\"><strong data-start=\"965\" data-end=\"991\">Temp\u00e9rature de service<\/strong> :\n<ul>\n<li data-start=\"996\" data-end=\"1061\">\n<p data-start=\"998\" data-end=\"1061\">De -40 \u00b0C \u00e0 +100 \u00b0C (jusqu\u2019\u00e0 +120 \u00b0C en service intermittent)<\/p>\n<\/li>\n<li data-start=\"1062\" data-end=\"1123\">\n<p data-start=\"1064\" data-end=\"1123\">Jusqu\u2019\u00e0 +70 \u00b0C pour les fluides hydrauliques \u00e0 base d\u2019eau<\/p>\n<\/li>\n<li data-start=\"1124\" data-end=\"1153\">\n<p data-start=\"1126\" data-end=\"1153\">Jusqu\u2019\u00e0 +60 \u00b0C pour l\u2019air<\/p>\n<\/li>\n<\/ul>\n<\/li>\n<li data-start=\"1155\" data-end=\"1357\"><strong data-start=\"1155\" data-end=\"1171\">Applications<\/strong> : id\u00e9al pour les syst\u00e8mes hydrauliques tr\u00e8s haute pression dans les engins de construction, les \u00e9quipements industriels et agricoles, o\u00f9 la r\u00e9sistance et la long\u00e9vit\u00e9 sont essentielles.<\/li>\n<\/ul>\n<table width=\"691\">\n<tbody>\n<tr>\n<td width=\"83\">Code<\/td>\n<td width=\"253\">Description<\/td>\n<td width=\"45\">DN<\/td>\n<td width=\"61\">Pouce<\/td>\n<td width=\"83\">Diametre Interieur (mm)<\/td>\n<td width=\"83\">Diametre Exterieur (mm)<\/td>\n<td width=\"83\">Pression (bar)<\/td>\n<\/tr>\n<tr>\n<td>01.1.10.12<\/td>\n<td>TUYAU 4 SH -DN19 &#8211; 3\/4 WP42 MPA<\/td>\n<td>19<\/td>\n<td>3\/4&Prime;<\/td>\n<td>19,2<\/td>\n<td>30,8<\/td>\n<td>420<\/td>\n<\/tr>\n<tr>\n<td>01.1.10.16<\/td>\n<td>TUYAU 4 SH &#8211; DN25 &#8211; 1 WP52 MPA<\/td>\n<td>25<\/td>\n<td>1&Prime;<\/td>\n<td>25,6<\/td>\n<td>37,6<\/td>\n<td>420<\/td>\n<\/tr>\n<tr>\n<td>01.1.10.20<\/td>\n<td>TUYAU\u00a0 4SH &#8211;\u00a0 DN31 &#8211; 1.1\/4\u00a0 WP32.5 MPA<\/td>\n<td>31<\/td>\n<td>1.1\/4&Prime;<\/td>\n<td>32,1<\/td>\n<td>44,5<\/td>\n<td>350<\/td>\n<\/tr>\n<tr>\n<td>01.1.10.24<\/td>\n<td>TUYAU\u00a0 4SH &#8211;\u00a0 DN38 &#8211; 1.1\/2\u00a0 WP29 MPA<\/td>\n<td>38<\/td>\n<td>1.1\/2&Prime;<\/td>\n<td>38,3<\/td>\n<td>51,7<\/td>\n<td>300<\/td>\n<\/tr>\n<tr>\n<td>01.1.10.32<\/td>\n<td>TUYAU\u00a0 4SH &#8211;\u00a0 DN51 &#8211; 2\u00a0 WP25 MPA<\/td>\n<td>51<\/td>\n<td>2&Prime;<\/td>\n<td>51<\/td>\n<td>66<\/td>\n<td>250<\/td>\n<\/tr>\n<\/tbody>\n<\/table>\n","protected":false},"excerpt":{"rendered":"<p data-start=\"0\" data-end=\"233\">Tuyau hydraulique tr\u00e8s haute pression conforme aux normes <strong data-start=\"85\" data-end=\"114\">DIN EN 856 4SH \/ ISO 3862<\/strong>, alliant robustesse et flexibilit\u00e9. Excellente r\u00e9sistance \u00e0 l\u2019huile, \u00e0 la pression, \u00e0 l\u2019abrasion et aux intemp\u00e9ries.<\/p>\n<p data-start=\"235\" data-end=\"438\">\n","protected":false},"featured_media":383,"comment_status":"open","ping_status":"closed","template":"","meta":[],"product_brand":[],"product_cat":[44],"product_tag":[],"class_list":{"0":"post-382","1":"product","2":"type-product","3":"status-publish","4":"has-post-thumbnail","6":"product_cat-flexibles-hydrauliques","8":"first","9":"instock","10":"shipping-taxable","11":"product-type-simple"},"_links":{"self":[{"href":"https:\/\/click.ma\/soraflex\/wp-json\/wp\/v2\/product\/382","targetHints":{"allow":["GET"]}}],"collection":[{"href":"https:\/\/click.ma\/soraflex\/wp-json\/wp\/v2\/product"}],"about":[{"href":"https:\/\/click.ma\/soraflex\/wp-json\/wp\/v2\/types\/product"}],"replies":[{"embeddable":true,"href":"https:\/\/click.ma\/soraflex\/wp-json\/wp\/v2\/comments?post=382"}],"wp:featuredmedia":[{"embeddable":true,"href":"https:\/\/click.ma\/soraflex\/wp-json\/wp\/v2\/media\/383"}],"wp:attachment":[{"href":"https:\/\/click.ma\/soraflex\/wp-json\/wp\/v2\/media?parent=382"}],"wp:term":[{"taxonomy":"product_brand","embeddable":true,"href":"https:\/\/click.ma\/soraflex\/wp-json\/wp\/v2\/product_brand?post=382"},{"taxonomy":"product_cat","embeddable":true,"href":"https:\/\/click.ma\/soraflex\/wp-json\/wp\/v2\/product_cat?post=382"},{"taxonomy":"product_tag","embeddable":true,"href":"https:\/\/click.ma\/soraflex\/wp-json\/wp\/v2\/product_tag?post=382"}],"curies":[{"name":"wp","href":"https:\/\/api.w.org\/{rel}","templated":true}]}}