{"id":118,"date":"2024-11-21T07:41:28","date_gmt":"2024-11-21T07:41:28","guid":{"rendered":"https:\/\/click.ma\/jackind\/?post_type=product&#038;p=118"},"modified":"2024-11-21T08:54:47","modified_gmt":"2024-11-21T08:54:47","slug":"controleur-de-pluviosite-sans-cable-avec-pluviometre","status":"publish","type":"product","link":"https:\/\/click.ma\/jackind\/p\/controleur-de-pluviosite-sans-cable-avec-pluviometre\/","title":{"rendered":"Contr\u00f4leur de pluviosit\u00e9 sans c\u00e2ble avec pluviom\u00e8tre"},"content":{"rendered":"<p><strong>Transmission \u00e0 distance :<\/strong> Signal 433 MHz, mis \u00e0 jour toutes les 5 minutes.<\/p>\n<p><strong>Affichages pr\u00e9cis :<\/strong><\/p>\n<ul>\n<li>Pluviom\u00e9trie totale depuis la derni\u00e8re r\u00e9initialisation.<\/li>\n<li>Pluviom\u00e9trie de la derni\u00e8re heure et des derni\u00e8res 24 heures.<\/li>\n<li>\u00c9volution par jour, semaine ou mois.<\/li>\n<\/ul>\n<p><strong>Alimentation :<\/strong><\/p>\n<ul>\n<li>Contr\u00f4leur : 2 piles AAA (1,5 V).<\/li>\n<li>Pluviom\u00e8tre : 2 piles AA (1,5 V).<\/li>\n<\/ul>\n<p><strong>Dimensions compactes :<\/strong><\/p>\n<ul>\n<li>Contr\u00f4leur : 90,5 x 21,5 x 105,5 mm.<\/li>\n<li>Pluviom\u00e8tre : \u00d8 132 mm, hauteur 185 mm.<\/li>\n<\/ul>\n<p><strong>Fonctions additionnelles :<\/strong><\/p>\n<ul>\n<li>M\u00e9morisation des donn\u00e9es (hors heure \u00e9coul\u00e9e).<\/li>\n<li>Affichage de la date et de la semaine.<\/li>\n<li>Alarme configurable pour les pr\u00e9cipitations.<\/li>\n<\/ul>\n<p>Un choix id\u00e9al pour les amateurs de m\u00e9t\u00e9o ou les jardiniers souhaitant optimiser leurs activit\u00e9s selon les pr\u00e9cipitations.<\/p>\n","protected":false},"excerpt":{"rendered":"<p>Ce contr\u00f4leur de pluviosit\u00e9 sans fil avec pluviom\u00e8tre est un outil pratique pour surveiller et analyser les pr\u00e9cipitations. Dot\u00e9 d&rsquo;une port\u00e9e de transmission sans fil de 60 m\u00e8tres, il permet de suivre l&rsquo;\u00e9volution des pr\u00e9cipitations au cours des derni\u00e8res heures, jours, semaines ou mois.<\/p>\n<p><strong>N\u00b0 de r\u00e9f\u00e9rence :<\/strong> 36010<\/p>\n","protected":false},"featured_media":119,"comment_status":"open","ping_status":"closed","template":"","meta":[],"product_brand":[],"product_cat":[27],"product_tag":[],"class_list":{"0":"post-118","1":"product","2":"type-product","3":"status-publish","4":"has-post-thumbnail","6":"product_cat-materiel-de-laboratoire","8":"first","9":"instock","10":"shipping-taxable","11":"product-type-simple"},"_links":{"self":[{"href":"https:\/\/click.ma\/jackind\/wp-json\/wp\/v2\/product\/118","targetHints":{"allow":["GET"]}}],"collection":[{"href":"https:\/\/click.ma\/jackind\/wp-json\/wp\/v2\/product"}],"about":[{"href":"https:\/\/click.ma\/jackind\/wp-json\/wp\/v2\/types\/product"}],"replies":[{"embeddable":true,"href":"https:\/\/click.ma\/jackind\/wp-json\/wp\/v2\/comments?post=118"}],"wp:featuredmedia":[{"embeddable":true,"href":"https:\/\/click.ma\/jackind\/wp-json\/wp\/v2\/media\/119"}],"wp:attachment":[{"href":"https:\/\/click.ma\/jackind\/wp-json\/wp\/v2\/media?parent=118"}],"wp:term":[{"taxonomy":"product_brand","embeddable":true,"href":"https:\/\/click.ma\/jackind\/wp-json\/wp\/v2\/product_brand?post=118"},{"taxonomy":"product_cat","embeddable":true,"href":"https:\/\/click.ma\/jackind\/wp-json\/wp\/v2\/product_cat?post=118"},{"taxonomy":"product_tag","embeddable":true,"href":"https:\/\/click.ma\/jackind\/wp-json\/wp\/v2\/product_tag?post=118"}],"curies":[{"name":"wp","href":"https:\/\/api.w.org\/{rel}","templated":true}]}}