{"id":216,"date":"2026-02-15T14:37:22","date_gmt":"2026-02-15T14:37:22","guid":{"rendered":"https:\/\/click.ma\/2km\/?page_id=216"},"modified":"2026-02-25T13:02:44","modified_gmt":"2026-02-25T13:02:44","slug":"cosmetique","status":"publish","type":"page","link":"https:\/\/click.ma\/2km\/cosmetique\/","title":{"rendered":"Cosm\u00e9tique"},"content":{"rendered":"<div class=\"wpb-content-wrapper\"><p>[vc_row][vc_column width=\u00a0\u00bb1\/2&Prime;]\t\t<div id=\"wd-699ef2d86d57c\" class=\"wd-text-block wd-wpb reset-last-child wd-animation wd-transform wd-animation-slide-from-bottom wd-animation-normal wd-rs-699ef2d86d57c text-left \">\n\t\t\t<p>En cosm\u00e9tique, l\u2019\u00e9tiquette est un \u00e9l\u00e9ment central de l\u2019identit\u00e9 de marque. Nous privil\u00e9gions un rendu\u00a0<strong>premium<\/strong>\u00a0avec des supports et finitions qui valorisent le packaging:\u00a0<strong>transparence<\/strong>,\u00a0<strong>brillance<\/strong>, pr\u00e9cision des couleurs et qualit\u00e9 d\u2019impression. Les mat\u00e9riaux sont s\u00e9lectionn\u00e9s pour tenir dans des conditions d\u2019usage r\u00e9elles (salle de bain, humidit\u00e9, frottements, manipulation quotidienne), sans perdre en esth\u00e9tique.<\/p>\n\t\t<\/div>\n\t\t\t\t<div id=\"wd-699ef2def0ef4\" class=\"wd-text-block wd-wpb reset-last-child wd-animation wd-transform wd-animation-slide-from-bottom wd-animation-normal wd_delay_150 wd-rs-699ef2def0ef4 text-left \">\n\t\t\t<h3>Produits recommand\u00e9s :<\/h3>\n<ul>\n<li>\u00c9tiquettes auto-adh\u00e9sives imprim\u00e9es (transparence, brillance)<\/li>\n<li>Shrink Sleeve (impact visuel 360\u00b0 premium)<\/li>\n<li>Wrap-around (habillage homog\u00e8ne)<\/li>\n<\/ul>\n\t\t<\/div>\n\t\t[\/vc_column][vc_column width=\u00a0\u00bb1\/2&Prime;]\t\t<div id=\"wd-699ef2e8b2017\" class=\"wd-image wd-wpb wd-animation wd-transform wd-animation-slide-from-right wd-animation-slow wd_delay_100 wd-rs-699ef2e8b2017 text-center \">\n\t\t\t\n\t\t\t<img loading=\"lazy\" decoding=\"async\" width=\"732\" height=\"480\" src=\"https:\/\/click.ma\/2km\/wp-content\/uploads\/2026\/02\/Cosmetique.png\" class=\"attachment-full size-full\" alt=\"\" srcset=\"https:\/\/click.ma\/2km\/wp-content\/uploads\/2026\/02\/Cosmetique.png 732w, https:\/\/click.ma\/2km\/wp-content\/uploads\/2026\/02\/Cosmetique-300x197.png 300w\" sizes=\"auto, (max-width: 732px) 100vw, 732px\" \/>\n\t\t\t\t\t<\/div>\n\t\t[\/vc_column][\/vc_row]<\/p>\n<\/div>","protected":false},"excerpt":{"rendered":"<p>[vc_row][vc_column width=\u00a0\u00bb1\/2&Prime;][\/vc_column][vc_column width=\u00a0\u00bb1\/2&Prime;][\/vc_column][\/vc_row]<\/p>\n","protected":false},"author":1,"featured_media":0,"parent":0,"menu_order":0,"comment_status":"closed","ping_status":"closed","template":"","meta":{"footnotes":""},"class_list":["post-216","page","type-page","status-publish","hentry"],"_links":{"self":[{"href":"https:\/\/click.ma\/2km\/wp-json\/wp\/v2\/pages\/216","targetHints":{"allow":["GET"]}}],"collection":[{"href":"https:\/\/click.ma\/2km\/wp-json\/wp\/v2\/pages"}],"about":[{"href":"https:\/\/click.ma\/2km\/wp-json\/wp\/v2\/types\/page"}],"author":[{"embeddable":true,"href":"https:\/\/click.ma\/2km\/wp-json\/wp\/v2\/users\/1"}],"replies":[{"embeddable":true,"href":"https:\/\/click.ma\/2km\/wp-json\/wp\/v2\/comments?post=216"}],"version-history":[{"count":3,"href":"https:\/\/click.ma\/2km\/wp-json\/wp\/v2\/pages\/216\/revisions"}],"predecessor-version":[{"id":301,"href":"https:\/\/click.ma\/2km\/wp-json\/wp\/v2\/pages\/216\/revisions\/301"}],"wp:attachment":[{"href":"https:\/\/click.ma\/2km\/wp-json\/wp\/v2\/media?parent=216"}],"curies":[{"name":"wp","href":"https:\/\/api.w.org\/{rel}","templated":true}]}}